
False
Is 84129139 prime?
False
Is 4853171 composite?
False
Is 725297 prime?
False
Is 178563263 composite?
True
Is 67705357 composite?
False
Is 508297 prime?
True
Is 1942859 prime?
True
Is 43215461 a prime number?
True
Is 49040227 composite?
True
Is 8285789 prime?
True
Is 2064739 a composite number?
True
Is 111388289 composite?
False
Is 77037431 prime?
False
Is 109517091 a prime number?
False
Is 10205513 composite?
False
Is 15594811 a composite number?
False
Is 93796819 a composite number?
True
Is 6196469 a prime number?
True
Is 2128963 a prime number?
True
Is 73943 a prime number?
True
Is 226414327 a prime number?
True
Is 151740613 composite?
False
Is 105501977 composite?
True
Is 5060171 prime?
True
Is 1123841 composite?
False
Is 69971729 composite?
False
Is 198248763 a prime number?
False
Is 6082819 a prime number?
True
Is 6383757 composite?
True
Is 191344733 a composite number?
False
Is 1363788659 a prime number?
True
Is 5941837 a prime number?
False
Is 806209 a prime number?
False
Is 9031807 a composite number?
False
Is 2060711 a prime number?
False
Is 210169 prime?
True
Is 3167587 prime?
True
Is 3807346 a composite number?
True
Is 46267657 a prime number?
True
Is 36934949 a composite number?
True
Is 27673 composite?
False
Is 168165302 prime?
False
Is 509063 a composite number?
False
Is 67000547 a prime number?
True
Is 43387759 composite?
True
Is 3473303 a prime number?
False
Is 100077 prime?
False
Is 481193701 composite?
False
Is 40931335 a composite number?
True
Is 26070719 a composite number?
False
Is 7327059 composite?
True
Is 83216809 a composite number?
True
Is 118451797 a composite number?
True
Is 127050067 a composite number?
True
Is 136059977 a prime number?
False
Is 458524293 composite?
True
Is 15936601 prime?
False
Is 38593 prime?
True
Is 693897227 a composite number?
False
Is 693307 prime?
False
Is 23401267 prime?
True
Is 10727243 prime?
False
Is 9422821 prime?
True
Is 531338867 prime?
True
Is 73491599 prime?
False
Is 122434639 composite?
True
Is 203519633 a prime number?
False
Is 110808349 composite?
False
Is 40886033 composite?
True
Is 53173871 a composite number?
False
Is 56677739 a composite number?
False
Is 12940255 a prime number?
False
Is 3456361 a prime number?
True
Is 750125689 prime?
False
Is 58897633 a composite number?
False
Is 10534619 a composite number?
False
Is 38696761 a prime number?
True
Is 39425879 a prime number?
True
Is 1110061 a composite number?
False
Is 68376107 composite?
True
Is 144015101 composite?
False
Is 8071457 prime?
True
Is 3602581 composite?
False
Is 193871285 prime?
False
Is 331044949 a composite number?
False
Is 12630737 a composite number?
True
Is 100108637 prime?
False
Is 376735565 a composite number?
True
Is 21542483 a composite number?
False
Is 350891 prime?
True
Is 112981871 a composite number?
True
Is 882527 a prime number?
False
Is 138255589 composite?
True
Is 396311 a prime number?
True
Is 12866149 a prime number?
True
Is 19859779 composite?
False
Is 303679 prime?
True
Is 452043741 a prime number?
False
Is 2246799 a composite number?
True
Is 2003831 composite?
True
Is 6156677 a prime number?
False
Is 434807 composite?
False
Is 189697829 a composite number?
False
Is 1395739 a composite number?
False
Is 3009217 a prime number?
False
Is 94158838 a prime number?
False
Is 19816903 a composite number?
False
Is 702290201 a composite number?
False
Is 2544617 prime?
True
Is 12858947 composite?
False
Is 27659147 a composite number?
False
Is 117295483 a prime number?
True
Is 130327427 a composite number?
True
Is 27776959 composite?
True
Is 8549509 prime?
False
Is 62219083 prime?
True
Is 37343819 composite?
False
Is 17886097 prime?
True
Is 183795511 prime?
True
Is 245260243 a prime number?
True
Is 72131507 prime?
False
Is 350927 a composite number?
True
Is 263160679 prime?
True
Is 52601359 a composite number?
False
Is 7505417 a prime number?
True
Is 189550069 a composite number?
False
Is 4584953 prime?
False
Is 27409169 a composite number?
True
Is 1628689 a prime number?
True
Is 1230223 a composite number?
False
Is 605040377 a prime number?
True
Is 1961977 composite?
True
Is 327608227 composite?
False
Is 317097301 composite?
True
Is 447936047 composite?
True
Is 115643429 prime?
False
Is 17019323 a composite number?
False
Is 5033318 prime?
False
Is 96216658 a prime number?
False
Is 1694503 composite?
False
Is 25753879 a composite number?
False
Is 1211271 a composite number?
True
Is 18998719 a composite number?
False
Is 33965362 composite?
True
Is 28900057 prime?
True
Is 1533793 a composite number?
False
Is 162614743 composite?
False
Is 2007737 composite?
False
Is 167639 a prime number?
False
Is 19384181 prime?
True
Is 4990463 composite?
False
Is 33802361 prime?
True
Is 4513097 composite?
False
Is 27565321 a composite number?
True
Is 15025981 composite?
False
Is 1094604733 a prime number?
True
Is 941873557 prime?
True
Is 1053363 prime?
False
Is 78549985 a composite number?
True
Is 1961537 a prime number?
True
Is 24668351 a prime number?
False
Is 31944751 composite?
True
Is 497097005 a prime number?
False
Is 638666439 a composite number?
True
Is 2519663 a composite number?
True
Is 145091 composite?
False
Is 140242331 a composite number?
False
Is 105796393 a prime number?
True
Is 18840137 prime?
True
Is 43142891 a composite number?
True
Is 7822765 a prime number?
False
Is 2204413 composite?
True
Is 110222113 a prime number?
True
Is 16759493 prime?
False
Is 454627 a composite number?
False
Is 4014103 a prime number?
False
Is 133799249 a prime number?
True
Is 73071871 a prime number?
True
Is 10071851 a composite number?
True
Is 28160129 a composite number?
False
Is 1610347 a prime number?
True
Is 14738159 a composite number?
False
Is 3877987 a prime number?
True
Is 253568183 a prime number?
False
Is 147610438 a composite number?
True
Is 111153169 a prime number?
False
Is 47684311 a composite number?
True
Is 383209 composite?
True
Is 105363571 composite?
False
Is 44686409 prime?
False
Is 53203 composite?
True
Is 4511159 a composite number?
True
Is 30409441 prime?
True
Is 113385691 a composite number?
False
Is 46952687 a composite number?
False
Is 4588565 composite?
True
Is 2948254 a composite number?
True
Is 20245439 a composite number?
False
Is 50554861 a prime number?
False
Is 218467741 composite?
False
Is 1514787 a composite number?
True
Is 43729703 composite?
True
Is 9120434 a composite number?
True
Is 372466163 composite?
True
Is 87392429 prime?
True
Is 26020077 a composite number?
True
Is 3373555 a prime number?
False
Is 6048563 composite?
True
Is 32597317 prime?
True
Is 302299189 a prime number?
False
Is 537077 a prime number?
False
Is 37291121 composite?
True
Is 37594133 a prime number?
True
Is 1093649 composite?
True
Is 94555891 a composite number?
True
Is 2035333 composite?
True
Is 68281639 composite?
True
Is 894937 a prime number?
False
Is 158380869 composite?
True
Is 47039689 prime?
True
Is 5803949 composite?
True
Is 14674433 composite?
True
Is 30021437 a composite number?
False
Is 263340947 a prime number?
False
Is 6002419 composite?
True
Is 316356923 a composite number?
False
Is 9583291 composite?
True
Is 8036179 a composite number?
True
Is 15388421 composite?
False
Is 555857 a composite number?
False
Is 2581429 prime?
True
Is 314605 composite?
True
Is 47957161 a prime number?
False
Is 353249531 prime?
True
Is 7417307 composite?
False
Is 77730149 composite?
True
Is 24136303 prime?
True
Is 2591513 composite?
False
Is 61887881 a composite number?
True
Is 7487149 prime?
True
Is 1870699 prime?
False
Is 10351483 a composite number?
True
Is 40982485 a prime number?
False
Is 2075417 composite?
False
Is 2387269 a prime number?
True
Is 173260693 a prime number?
True
Is 3426601 composite?
False
Is 115192691 a composite number?
True
Is 69104107 a prime number?
True
Is 8416907 composite?
True
Is 333757 prime?
True
Is 14992613 a prime number?
True
Is 25127203 a prime number?
False
Is 2703251 a composite number?
False
Is 1925489 a prime number?
True
Is 88008409 prime?
True
Is 23388247 prime?
False
Is 65421857 a composite number?
False
Is 5808329 a prime number?
True
Is 231890731 a composite number?
True
Is 144126985 composite?
True
Is 837721 prime?
True
Is 1221466 a prime number?
False
Is 32238229